{"id":53,"date":"2024-08-18T19:17:23","date_gmt":"2024-08-18T22:17:23","guid":{"rendered":"https:\/\/papoemfamilia.com\/?page_id=53"},"modified":"2024-10-17T14:25:29","modified_gmt":"2024-10-17T17:25:29","slug":"home","status":"publish","type":"page","link":"https:\/\/papoemfamilia.com\/","title":{"rendered":"Home"},"content":{"rendered":"\t\t<div data-elementor-type=\"wp-page\" data-elementor-id=\"53\" class=\"elementor elementor-53\">\n\t\t\t\t\t\t<section class=\"elementor-section elementor-top-section elementor-element elementor-element-1cfe6b8 elementor-section-boxed elementor-section-height-default elementor-section-height-default\" data-id=\"1cfe6b8\" data-element_type=\"section\" data-settings=\"{&quot;background_background&quot;:&quot;classic&quot;}\">\n\t\t\t\t\t\t<div class=\"elementor-container elementor-column-gap-default\">\n\t\t\t\t\t<div class=\"elementor-column elementor-col-100 elementor-top-column elementor-element elementor-element-1aef983\" data-id=\"1aef983\" data-element_type=\"column\">\n\t\t\t<div class=\"elementor-widget-wrap elementor-element-populated\">\n\t\t\t\t\t\t<div class=\"elementor-element elementor-element-b5dd4a1 elementor-widget elementor-widget-slider_revolution\" data-id=\"b5dd4a1\" data-element_type=\"widget\" data-widget_type=\"slider_revolution.default\">\n\t\t\t\t<div class=\"elementor-widget-container\">\n\t\t\t\n\t\t<div class=\"wp-block-themepunch-revslider\">\n\t\t\t<!-- START Home REVOLUTION SLIDER 6.6.7 --><p class=\"rs-p-wp-fix\"><\/p>\n\t\t\t<rs-module-wrap id=\"rev_slider_1_1_wrapper\" data-source=\"gallery\" style=\"visibility:hidden;background:transparent;padding:0;margin:0px auto;margin-top:0;margin-bottom:0;\">\n\t\t\t\t<rs-module id=\"rev_slider_1_1\" style=\"\" data-version=\"6.6.7\">\n\t\t\t\t\t<rs-slides style=\"overflow: hidden; position: absolute;\">\n\t\t\t\t\t\t<rs-slide style=\"position: absolute;\" data-key=\"rs-1\" data-title=\"Slide\" data-in=\"o:0;\" data-out=\"a:false;\">\n\t\t\t\t\t\t\t<img fetchpriority=\"high\" decoding=\"async\" src=\"\/\/papoemfamilia.com\/wp-content\/plugins\/revslider\/public\/assets\/assets\/dummy.png\" alt=\"\" title=\"Camada 13\" width=\"1920\" height=\"800\" class=\"rev-slidebg tp-rs-img rs-lazyload\" data-lazyload=\"\/\/papoemfamilia.com\/wp-content\/uploads\/2024\/09\/Camada-13.png\" data-no-retina>\n\t\t\t\t\t\t\t<rs-bgvideo \n\t\t\t\t\t\t\t\tdata-video=\"w:100%;h:100%;nse:false;l:true;ptimer:false;vfc:true;\"\n\t\t\t\t\t\t\t\tdata-mp4=\"\/\/papoemfamilia.com\/wp-content\/uploads\/2024\/09\/TEASER-PAPO-EM-FAMI\u0301LIA_V2.mov\"\n\t\t\t\t\t\t\t><\/rs-bgvideo>\n<!--\n\t\t\t\t\t\t\t--><rs-layer\n\t\t\t\t\t\t\t\tid=\"slider-1-slide-1-layer-0\" \n\t\t\t\t\t\t\t\tdata-type=\"image\"\n\t\t\t\t\t\t\t\tdata-rsp_ch=\"on\"\n\t\t\t\t\t\t\t\tdata-xy=\"x:c;xo:0,0,0,-7px;y:m;yo:0,0,0,-45px;\"\n\t\t\t\t\t\t\t\tdata-text=\"w:normal;s:20,20,20,7;l:0,0,0,9;\"\n\t\t\t\t\t\t\t\tdata-dim=\"w:474px,474px,474px,276px;h:209px,209px,209px,122px;\"\n\t\t\t\t\t\t\t\tdata-frame_999=\"o:0;st:w;\"\n\t\t\t\t\t\t\t\tstyle=\"z-index:5;\"\n\t\t\t\t\t\t\t><img decoding=\"async\" src=\"\/\/papoemfamilia.com\/wp-content\/plugins\/revslider\/public\/assets\/assets\/dummy.png\" alt=\"\" class=\"tp-rs-img rs-lazyload\" width=\"474\" height=\"209\" data-lazyload=\"\/\/papoemfamilia.com\/wp-content\/uploads\/2024\/08\/Objeto-Inteligente-de-Vetor.png\" data-no-retina> \n\t\t\t\t\t\t\t<\/rs-layer><!--\n\n\t\t\t\t\t\t\t--><a\n\t\t\t\t\t\t\t\tid=\"slider-1-slide-1-layer-1\" \n\t\t\t\t\t\t\t\tclass=\"rs-layer\"\n\t\t\t\t\t\t\t\thref=\"https:\/\/wa.me\/5511956628748?text=\" target=\"_blank\" rel=\"noopener\"\n\t\t\t\t\t\t\t\tdata-type=\"image\"\n\t\t\t\t\t\t\t\tdata-rsp_ch=\"on\"\n\t\t\t\t\t\t\t\tdata-xy=\"xo:958px,958px,958px,99px;yo:608px,608px,608px,213px;\"\n\t\t\t\t\t\t\t\tdata-text=\"w:normal;s:20,20,20,7;l:0,0,0,9;\"\n\t\t\t\t\t\t\t\tdata-dim=\"w:['258px','258px','258px','258px'];h:['53px','53px','53px','53px'];\"\n\t\t\t\t\t\t\t\tdata-frame_999=\"o:0;st:w;\"\n\t\t\t\t\t\t\t\tstyle=\"z-index:6;\"\n\t\t\t\t\t\t\t><img decoding=\"async\" src=\"\/\/papoemfamilia.com\/wp-content\/plugins\/revslider\/public\/assets\/assets\/dummy.png\" alt=\"\" class=\"tp-rs-img rs-lazyload\" width=\"372\" height=\"77\" data-lazyload=\"\/\/papoemfamilia.com\/wp-content\/uploads\/2024\/09\/WhatsApp-Action.png\" data-no-retina> \n\t\t\t\t\t\t\t<\/a><!--\n-->\t\t\t\t\t\t<\/rs-slide>\n\t\t\t\t\t<\/rs-slides>\n\t\t\t\t<\/rs-module>\n\t\t\t\t<script>\n\t\t\t\t\tsetREVStartSize({c: 'rev_slider_1_1',rl:[1240,1240,1240,480],el:[692,692,692,300],gw:[1240,1240,1240,480],gh:[692,692,692,300],type:'standard',justify:'',layout:'fullwidth',mh:\"0\"});if (window.RS_MODULES!==undefined && window.RS_MODULES.modules!==undefined && window.RS_MODULES.modules[\"revslider11\"]!==undefined) {window.RS_MODULES.modules[\"revslider11\"].once = false;window.revapi1 = undefined;if (window.RS_MODULES.checkMinimal!==undefined) window.RS_MODULES.checkMinimal()}\n\t\t\t\t<\/script>\n\t\t\t<\/rs-module-wrap>\n\t\t\t<!-- END REVOLUTION SLIDER -->\n<\/div>\n\n\t\t\t\t<\/div>\n\t\t\t\t<\/div>\n\t\t\t\t\t<\/div>\n\t\t<\/div>\n\t\t\t\t\t<\/div>\n\t\t<\/section>\n\t\t\t\t<section class=\"elementor-section elementor-top-section elementor-element elementor-element-198b5c2 elementor-section-full_width elementor-section-height-default elementor-section-height-default\" data-id=\"198b5c2\" data-element_type=\"section\">\n\t\t\t\t\t\t<div class=\"elementor-container elementor-column-gap-no\">\n\t\t\t\t\t<div class=\"elementor-column elementor-col-100 elementor-top-column elementor-element elementor-element-d16534a\" data-id=\"d16534a\" data-element_type=\"column\">\n\t\t\t<div class=\"elementor-widget-wrap elementor-element-populated\">\n\t\t\t\t\t\t<div class=\"elementor-element elementor-element-643df2e elementor-hidden-tablet elementor-hidden-mobile elementor-widget elementor-widget-image\" data-id=\"643df2e\" data-element_type=\"widget\" data-widget_type=\"image.default\">\n\t\t\t\t<div class=\"elementor-widget-container\">\n\t\t\t<style>\/*! elementor - v3.23.0 - 05-08-2024 *\/\n.elementor-widget-image{text-align:center}.elementor-widget-image a{display:inline-block}.elementor-widget-image a img[src$=\".svg\"]{width:48px}.elementor-widget-image img{vertical-align:middle;display:inline-block}<\/style>\t\t\t\t\t\t\t\t\t\t<img loading=\"lazy\" decoding=\"async\" width=\"124\" height=\"251\" src=\"https:\/\/papoemfamilia.com\/wp-content\/uploads\/2024\/08\/objeto1.png\" class=\"attachment-full size-full wp-image-91\" alt=\"\" \/>\t\t\t\t\t\t\t\t\t\t\t\t\t<\/div>\n\t\t\t\t<\/div>\n\t\t\t\t\t<\/div>\n\t\t<\/div>\n\t\t\t\t\t<\/div>\n\t\t<\/section>\n\t\t\t\t<section class=\"elementor-section elementor-top-section elementor-element elementor-element-5dd5681 elementor-section-boxed elementor-section-height-default elementor-section-height-default\" data-id=\"5dd5681\" data-element_type=\"section\">\n\t\t\t\t\t\t<div class=\"elementor-container elementor-column-gap-default\">\n\t\t\t\t\t<div class=\"elementor-column elementor-col-50 elementor-top-column elementor-element elementor-element-e3df731\" data-id=\"e3df731\" data-element_type=\"column\">\n\t\t\t<div class=\"elementor-widget-wrap elementor-element-populated\">\n\t\t\t\t\t\t<div class=\"elementor-element elementor-element-60ca9bc elementor-widget elementor-widget-text-editor\" data-id=\"60ca9bc\" data-element_type=\"widget\" data-widget_type=\"text-editor.default\">\n\t\t\t\t<div class=\"elementor-widget-container\">\n\t\t\t<style>\/*! elementor - v3.23.0 - 05-08-2024 *\/\n.elementor-widget-text-editor.elementor-drop-cap-view-stacked .elementor-drop-cap{background-color:#69727d;color:#fff}.elementor-widget-text-editor.elementor-drop-cap-view-framed .elementor-drop-cap{color:#69727d;border:3px solid;background-color:transparent}.elementor-widget-text-editor:not(.elementor-drop-cap-view-default) .elementor-drop-cap{margin-top:8px}.elementor-widget-text-editor:not(.elementor-drop-cap-view-default) .elementor-drop-cap-letter{width:1em;height:1em}.elementor-widget-text-editor .elementor-drop-cap{float:left;text-align:center;line-height:1;font-size:50px}.elementor-widget-text-editor .elementor-drop-cap-letter{display:inline-block}<\/style>\t\t\t\t<p>No turbilh\u00e3o da vida moderna, onde as conex\u00f5es parecem mais virtuais do que reais, surge um movimento capaz de resgatar o verdadeiro significado do tempo em fam\u00edlia.<\/p><p>O &#8220;Papo em Fam\u00edlia&#8221; n\u00e3o \u00e9 apenas um programa de televis\u00e3o, <strong>\u00e9 um movimento que fortalece os la\u00e7os familiares atrav\u00e9s de conversas genu\u00ednas e experi\u00eancias compartilhadas.<\/strong> Um espa\u00e7o onde hist\u00f3rias inspiradoras se entrela\u00e7am com os desafios reais, oferecendo uma plataforma de solu\u00e7\u00f5es pr\u00e1ticas e positivas para os problemas comuns que tantos lares enfrentam diariamente.<\/p><p><strong> Comandado pelo carism\u00e1tico Edem Davanzzo, l\u00edder respeitado do maior movimento de empreendedorismo familiar do Brasil<\/strong>, o &#8220;Papo em Fam\u00edlia&#8221; n\u00e3o apenas entret\u00e9m, mas educa e transforma.<\/p>\t\t\t\t\t\t<\/div>\n\t\t\t\t<\/div>\n\t\t\t\t\t<\/div>\n\t\t<\/div>\n\t\t\t\t<div class=\"elementor-column elementor-col-50 elementor-top-column elementor-element elementor-element-c7c1257\" data-id=\"c7c1257\" data-element_type=\"column\">\n\t\t\t<div class=\"elementor-widget-wrap elementor-element-populated\">\n\t\t\t\t\t\t<div class=\"elementor-element elementor-element-44a40b7 elementor-widget__width-initial elementor-widget elementor-widget-image\" data-id=\"44a40b7\" data-element_type=\"widget\" data-widget_type=\"image.default\">\n\t\t\t\t<div class=\"elementor-widget-container\">\n\t\t\t\t\t\t\t\t\t\t\t\t\t<img loading=\"lazy\" decoding=\"async\" width=\"758\" height=\"390\" src=\"https:\/\/papoemfamilia.com\/wp-content\/uploads\/2024\/09\/Banner-Apresentac\u0327a\u0303o.png\" class=\"attachment-large size-large wp-image-323\" alt=\"\" srcset=\"https:\/\/papoemfamilia.com\/wp-content\/uploads\/2024\/09\/Banner-Apresentac\u0327a\u0303o.png 758w, https:\/\/papoemfamilia.com\/wp-content\/uploads\/2024\/09\/Banner-Apresentac\u0327a\u0303o-300x154.png 300w\" sizes=\"(max-width: 758px) 100vw, 758px\" \/>\t\t\t\t\t\t\t\t\t\t\t\t\t<\/div>\n\t\t\t\t<\/div>\n\t\t\t\t\t<\/div>\n\t\t<\/div>\n\t\t\t\t\t<\/div>\n\t\t<\/section>\n\t\t\t\t<section class=\"elementor-section elementor-top-section elementor-element elementor-element-da33fae elementor-section-full_width elementor-section-stretched elementor-section-height-default elementor-section-height-default\" data-id=\"da33fae\" data-element_type=\"section\" data-settings=\"{&quot;background_background&quot;:&quot;classic&quot;,&quot;stretch_section&quot;:&quot;section-stretched&quot;}\">\n\t\t\t\t\t\t<div class=\"elementor-container elementor-column-gap-default\">\n\t\t\t\t\t<div class=\"elementor-column elementor-col-100 elementor-top-column elementor-element elementor-element-951e55e\" data-id=\"951e55e\" data-element_type=\"column\">\n\t\t\t<div class=\"elementor-widget-wrap elementor-element-populated\">\n\t\t\t\t\t\t<div class=\"elementor-element elementor-element-d7de020 elementor-widget elementor-widget-slider_revolution\" data-id=\"d7de020\" data-element_type=\"widget\" data-widget_type=\"slider_revolution.default\">\n\t\t\t\t<div class=\"elementor-widget-container\">\n\t\t\t\n\t\t<div class=\"wp-block-themepunch-revslider\">\n\t\t\t<!-- START Slider 3 REVOLUTION SLIDER 6.6.7 --><p class=\"rs-p-wp-fix\"><\/p>\n\t\t\t<rs-module-wrap id=\"rev_slider_3_2_wrapper\" data-source=\"gallery\" style=\"visibility:hidden;background:transparent;padding:0;margin:0px auto;margin-top:0;margin-bottom:0;\">\n\t\t\t\t<rs-module id=\"rev_slider_3_2\" style=\"\" data-version=\"6.6.7\">\n\t\t\t\t\t<rs-slides style=\"overflow: hidden; position: absolute;\">\n\t\t\t\t\t\t<rs-slide style=\"position: absolute;\" data-key=\"rs-4\" data-title=\"Slide\" data-thumb=\"\/\/papoemfamilia.com\/wp-content\/uploads\/2024\/10\/Banner-Sense-Site-V1-Site-Papo-em-Fami\u0301lia-50x100.jpg\" data-link=\"\/\/www.instagram.com\/sense_and\" data-tag=\"l\" data-target=\"_blank\" data-seoz=\"front\" data-in=\"o:0;\" data-out=\"a:false;\">\n\t\t\t\t\t\t\t<img loading=\"lazy\" decoding=\"async\" src=\"\/\/papoemfamilia.com\/wp-content\/plugins\/revslider\/public\/assets\/assets\/dummy.png\" alt=\"\" title=\"Banner-Sense-Site-V1&#8212;Site-Papo-em-Fami\u0301lia\" width=\"1920\" height=\"650\" class=\"rev-slidebg tp-rs-img rs-lazyload\" data-lazyload=\"\/\/papoemfamilia.com\/wp-content\/uploads\/2024\/10\/Banner-Sense-Site-V1-Site-Papo-em-Fami\u0301lia.jpg\" data-no-retina>\n<!---->\t\t\t\t\t\t<\/rs-slide>\n\t\t\t\t\t\t<rs-slide style=\"position: absolute;\" data-key=\"rs-5\" data-title=\"Slide\" data-thumb=\"\/\/papoemfamilia.com\/wp-content\/uploads\/2024\/10\/Banner-Bendita-Banana-Site-V1-Site-Papo-em-Fami\u0301lia-50x100.jpg\" data-link=\"\/\/www.instagram.com\/bendita_banana\/\" data-tag=\"l\" data-target=\"_blank\" data-seoz=\"front\" data-in=\"o:0;\" data-out=\"a:false;\">\n\t\t\t\t\t\t\t<img loading=\"lazy\" decoding=\"async\" src=\"\/\/papoemfamilia.com\/wp-content\/plugins\/revslider\/public\/assets\/assets\/dummy.png\" alt=\"\" title=\"Banner-Bendita-Banana-Site-V1&#8212;Site-Papo-em-Fami\u0301lia\" width=\"1920\" height=\"650\" class=\"rev-slidebg tp-rs-img rs-lazyload\" data-lazyload=\"\/\/papoemfamilia.com\/wp-content\/uploads\/2024\/10\/Banner-Bendita-Banana-Site-V1-Site-Papo-em-Fami\u0301lia.jpg\" data-no-retina>\n<!---->\t\t\t\t\t\t<\/rs-slide>\n\t\t\t\t\t<\/rs-slides>\n\t\t\t\t<\/rs-module>\n\t\t\t\t<script>\n\t\t\t\t\tsetREVStartSize({c: 'rev_slider_3_2',rl:[1240,1024,778,480],el:[600],gw:[1920],gh:[600],type:'standard',justify:'',layout:'fullwidth',mh:\"0\"});if (window.RS_MODULES!==undefined && window.RS_MODULES.modules!==undefined && window.RS_MODULES.modules[\"revslider32\"]!==undefined) {window.RS_MODULES.modules[\"revslider32\"].once = false;window.revapi3 = undefined;if (window.RS_MODULES.checkMinimal!==undefined) window.RS_MODULES.checkMinimal()}\n\t\t\t\t<\/script>\n\t\t\t<\/rs-module-wrap>\n\t\t\t<!-- END REVOLUTION SLIDER -->\n<\/div>\n\n\t\t\t\t<\/div>\n\t\t\t\t<\/div>\n\t\t\t\t\t<\/div>\n\t\t<\/div>\n\t\t\t\t\t<\/div>\n\t\t<\/section>\n\t\t\t\t<section class=\"elementor-section elementor-top-section elementor-element elementor-element-1739bce elementor-section-boxed elementor-section-height-default elementor-section-height-default\" data-id=\"1739bce\" data-element_type=\"section\">\n\t\t\t\t\t\t<div class=\"elementor-container elementor-column-gap-default\">\n\t\t\t\t\t<div class=\"elementor-column elementor-col-50 elementor-top-column elementor-element elementor-element-a103fd6\" data-id=\"a103fd6\" data-element_type=\"column\">\n\t\t\t<div class=\"elementor-widget-wrap elementor-element-populated\">\n\t\t\t\t\t\t<div class=\"elementor-element elementor-element-bf2b8b4 elementor-widget__width-initial elementor-widget elementor-widget-image\" data-id=\"bf2b8b4\" data-element_type=\"widget\" data-widget_type=\"image.default\">\n\t\t\t\t<div class=\"elementor-widget-container\">\n\t\t\t\t\t\t\t\t\t\t\t\t\t<img loading=\"lazy\" decoding=\"async\" width=\"644\" height=\"552\" src=\"https:\/\/papoemfamilia.com\/wp-content\/uploads\/2024\/09\/RV_4987.png\" class=\"attachment-large size-large wp-image-331\" alt=\"\" srcset=\"https:\/\/papoemfamilia.com\/wp-content\/uploads\/2024\/09\/RV_4987.png 644w, https:\/\/papoemfamilia.com\/wp-content\/uploads\/2024\/09\/RV_4987-300x257.png 300w\" sizes=\"(max-width: 644px) 100vw, 644px\" \/>\t\t\t\t\t\t\t\t\t\t\t\t\t<\/div>\n\t\t\t\t<\/div>\n\t\t\t\t\t<\/div>\n\t\t<\/div>\n\t\t\t\t<div class=\"elementor-column elementor-col-50 elementor-top-column elementor-element elementor-element-acdb907\" data-id=\"acdb907\" data-element_type=\"column\">\n\t\t\t<div class=\"elementor-widget-wrap elementor-element-populated\">\n\t\t\t\t\t\t<div class=\"elementor-element elementor-element-47eaaf9 elementor-widget elementor-widget-image\" data-id=\"47eaaf9\" data-element_type=\"widget\" data-widget_type=\"image.default\">\n\t\t\t\t<div class=\"elementor-widget-container\">\n\t\t\t\t\t\t\t\t\t\t\t\t\t<img loading=\"lazy\" decoding=\"async\" width=\"356\" height=\"57\" src=\"https:\/\/papoemfamilia.com\/wp-content\/uploads\/2024\/09\/Sobre-o-Apresentador.png\" class=\"attachment-full size-full wp-image-332\" alt=\"\" srcset=\"https:\/\/papoemfamilia.com\/wp-content\/uploads\/2024\/09\/Sobre-o-Apresentador.png 356w, https:\/\/papoemfamilia.com\/wp-content\/uploads\/2024\/09\/Sobre-o-Apresentador-300x48.png 300w\" sizes=\"(max-width: 356px) 100vw, 356px\" \/>\t\t\t\t\t\t\t\t\t\t\t\t\t<\/div>\n\t\t\t\t<\/div>\n\t\t\t\t<div class=\"elementor-element elementor-element-ba02220 elementor-widget elementor-widget-text-editor\" data-id=\"ba02220\" data-element_type=\"widget\" data-widget_type=\"text-editor.default\">\n\t\t\t\t<div class=\"elementor-widget-container\">\n\t\t\t\t\t\t\t<p><strong>\u00c9dem Davanzzo \u00e9 muito mais do que um comunicador, o novo l\u00edder das fam\u00edlias brasileiras<\/strong> \u00e9 uma figura inspiradora que reconhece profundamente o poder da comunica\u00e7\u00e3o para transformar vidas. Sua vis\u00e3o vai al\u00e9m do entretenimento, ele v\u00ea a televis\u00e3o como uma ferramenta crucial de responsabilidade social, capaz de elevar uma na\u00e7\u00e3o atrav\u00e9s do fortalecimento das fam\u00edlias.<\/p><p>Com seu carisma contagiante, Edem extrai o melhor de cada convidado, criando um ambiente acolhedor e prop\u00edcio para conversas aut\u00eanticas sobre temas familiares, capazes de promover di\u00e1logo entre membros da fam\u00edlia, melhorar o envolvimento dos pais na educa\u00e7\u00e3o dos filhos, fortalecer comunidades, inspirar a\u00e7\u00f5es coletivas e celebrar os diversos tipos de fam\u00edlias.<\/p><p>Como empres\u00e1rio bem-sucedido na comunica\u00e7\u00e3o e na educa\u00e7\u00e3o empresarial, Edem n\u00e3o s\u00f3 compreende as din\u00e2micas familiares, mas tamb\u00e9m \u00e9 habilidoso em conectar pessoas e resolver problemas, contribuindo positivamente para o desenvolvimento social e econ\u00f4mico do pa\u00eds.<\/p>\t\t\t\t\t\t<\/div>\n\t\t\t\t<\/div>\n\t\t\t\t\t<\/div>\n\t\t<\/div>\n\t\t\t\t\t<\/div>\n\t\t<\/section>\n\t\t\t\t<\/div>\n\t\t","protected":false},"excerpt":{"rendered":"<p>No turbilh\u00e3o da vida moderna, onde as conex\u00f5es parecem mais virtuais do que reais, surge um movimento capaz de resgatar o verdadeiro significado do tempo em fam\u00edlia. O &#8220;Papo em Fam\u00edlia&#8221; n\u00e3o \u00e9 apenas um programa de televis\u00e3o, \u00e9 um movimento que fortalece os la\u00e7os familiares atrav\u00e9s de conversas genu\u00ednas e experi\u00eancias compartilhadas. Um espa\u00e7o [&hellip;]<\/p>\n","protected":false},"author":1,"featured_media":0,"parent":0,"menu_order":0,"comment_status":"closed","ping_status":"closed","template":"","meta":{"footnotes":""},"class_list":["post-53","page","type-page","status-publish","hentry"],"_links":{"self":[{"href":"https:\/\/papoemfamilia.com\/index.php\/wp-json\/wp\/v2\/pages\/53","targetHints":{"allow":["GET"]}}],"collection":[{"href":"https:\/\/papoemfamilia.com\/index.php\/wp-json\/wp\/v2\/pages"}],"about":[{"href":"https:\/\/papoemfamilia.com\/index.php\/wp-json\/wp\/v2\/types\/page"}],"author":[{"embeddable":true,"href":"https:\/\/papoemfamilia.com\/index.php\/wp-json\/wp\/v2\/users\/1"}],"replies":[{"embeddable":true,"href":"https:\/\/papoemfamilia.com\/index.php\/wp-json\/wp\/v2\/comments?post=53"}],"version-history":[{"count":64,"href":"https:\/\/papoemfamilia.com\/index.php\/wp-json\/wp\/v2\/pages\/53\/revisions"}],"predecessor-version":[{"id":581,"href":"https:\/\/papoemfamilia.com\/index.php\/wp-json\/wp\/v2\/pages\/53\/revisions\/581"}],"wp:attachment":[{"href":"https:\/\/papoemfamilia.com\/index.php\/wp-json\/wp\/v2\/media?parent=53"}],"curies":[{"name":"wp","href":"https:\/\/api.w.org\/{rel}","templated":true}]}}